{"id":2472,"date":"2013-05-02T17:30:40","date_gmt":"2013-05-02T20:30:40","guid":{"rendered":"http:\/\/www.encontrajundiai.com.br\/guia\/?page_id=2472"},"modified":"2025-12-03T16:46:56","modified_gmt":"2025-12-03T19:46:56","slug":"sobre-jundiai","status":"publish","type":"page","link":"https:\/\/www.encontrajundiai.com.br\/guia\/sobre-jundiai\/","title":{"rendered":"Sobre Jundia\u00ed"},"content":{"rendered":"<p><img loading=\"lazy\" decoding=\"async\" width=\"650\" height=\"200\" class=\"alignnone wp-image-6525 size-full\" style=\"width: 98%; height: auto;\" src=\"http:\/\/www.encontrajundiai.com.br\/guia\/wp-content\/uploads\/2013\/05\/cidade-de-jundiai.jpg\" alt=\"cidade-de-jundiai\" srcset=\"https:\/\/www.encontrajundiai.com.br\/guia\/wp-content\/uploads\/2013\/05\/cidade-de-jundiai.jpg 650w, https:\/\/www.encontrajundiai.com.br\/guia\/wp-content\/uploads\/2013\/05\/cidade-de-jundiai-300x92.jpg 300w\" sizes=\"auto, (max-width: 650px) 100vw, 650px\" \/><\/p>\n<p><strong>Jundia\u00ed<\/strong> \u00e9 um munic\u00edpio do estado de S\u00e3o Paulo, no Brasil. Dista 57,7 quil\u00f4metros da capital do estado. Com 405.740 habitantes \u00e9, no estado, o 15\u00b0 munic\u00edpio mais populoso e o s\u00e9timo maior fora da Grande S\u00e3o Paulo. Tamb\u00e9m \u00e9 o 59\u00b0 maior do Brasil, sendo maior que quatro capitais estaduais. Seu nome \u00e9 uma refer\u00eancia ao Rio Jundia\u00ed, cujo nome \u00e9 proveniente da l\u00edngua tupi, significando &#8220;rio dos jundi\u00e1s&#8221;.<\/p>\n<p>Apresentou, em 2013, um produto interno bruto de mais de R$ 36,6 bilh\u00f5es, colocando o munic\u00edpio na 18\u00b0 posi\u00e7\u00e3o em todo o pa\u00eds, \u00e0 frente de dez capitais, sendo o s\u00e9timo munic\u00edpio mais rico estado de S\u00e3o Paulo Em 2013, seu \u00edndice de desenvolvimento humano atingiu 0,822, levando a cidade \u00e0 11\u00b0 melhor posi\u00e7\u00e3o do Brasil e quarta melhor do estado.<\/p>\n<p>Segundo a Federa\u00e7\u00e3o das Ind\u00fastrias do Estado do Rio de Janeiro, Jundia\u00ed \u00e9 a quinta cidade com maior qualidade de vida do Brasil, apresentando um \u00cdndice FIRJAN de Desenvolvimento Municipal de 0,9184. Tamb\u00e9m \u00e9 um dos munic\u00edpios mais seguros do Brasil e do Estado de S\u00e3o Paulo, com um risco de homic\u00eddio de 6,88 por 100 mil habitantes (\u00edndice de 2012). \u00c9, tamb\u00e9m, primeiro lugar em saneamento b\u00e1sico, no ranking do Instituto Trata Brasil, entre as cidades acima de 300 000 habitantes. Entretanto, esses fatos contrastam com o fato da cidade ter apresentado nos \u00faltimos anos um crescimento no n\u00edvel de desigualdade social . Possui conurba\u00e7\u00e3o consolidada com V\u00e1rzea Paulista e Campo Limpo Paulista, al\u00e9m de estar em processo de conurba\u00e7\u00e3o com Itupeva. As cidades mencionadas fazem parte da Aglomera\u00e7\u00e3o Urbana de Jundia\u00ed juntamente com os munic\u00edpios de Cabre\u00fava, Louveira e Jarinu, totalizando cerca de 771 mil habitantes. O munic\u00edpio est\u00e1 integrado \u2014 junto com a Grande S\u00e3o Paulo, a Regi\u00e3o Metropolitana de Campinas, a Regi\u00e3o Metropolitana de Sorocaba e a Baixada Santista \u2014 ao Complexo Metropolitano Expandido, uma megal\u00f3pole que ultrapassa os 30 milh\u00f5es de habitantes (cerca 75% da popula\u00e7\u00e3o paulista) e que \u00e9 a primeira aglomera\u00e7\u00e3o urbana do tipo no hemisf\u00e9rio sul.<\/p>\n<p>A paisagem mais marcante da cidade \u00e9 a Serra do Japi, uma das grandes \u00e1reas de Mata Atl\u00e2ntica nativa cont\u00ednua no estado de S\u00e3o Paulo, denominada como &#8220;Castelo de \u00c1guas&#8221; por muitos naturalistas, como o ge\u00f3grafo Aziz Ab\u2019Saber, devido a sua riqueza h\u00eddrica. Tombada em 1983 pelo Conselho de Defesa do Patrim\u00f4nio Hist\u00f3rico e, posteriormente, regulamentada como reserva biol\u00f3gica. Declarada em 1992 pela Organiza\u00e7\u00e3o das Na\u00e7\u00f5es Unidas para a Educa\u00e7\u00e3o, a Ci\u00eancia e a Cultura como reserva da biosfera da mata atl\u00e2ntica.<\/p>\n<h3>Hist\u00f3ria<\/h3>\n<p>A regi\u00e3o de Jundia\u00ed, at\u00e9 in\u00edcio do s\u00e9culo XVII, era habitada exclusivamente por povos ind\u00edgenas; alguns grupos viviam em cl\u00e3s familiares, caracterizando-se pelo nomadismo e outros eram sedent\u00e1rios. De origem tupi, se dedicavam \u00e0 produ\u00e7\u00e3o de milho e de mandioca. Eram povos guerreiros, bons ca\u00e7adores e pescadores, organizando-se em aldeias compostas por cabanas circulares feitas de tronco e cobertas de palha. Parte da cultura ind\u00edgena foi incorporada pelos brancos colonizadores, como a utiliza\u00e7\u00e3o de queimadas na lavoura.<\/p>\n<p>O povoamento do sert\u00e3o de &#8220;Mato Grosso de Jundiahy&#8221;, como era denominado o extremo territ\u00f3rio ao norte da vila de S\u00e3o Paulo, que hoje compreenderia a regi\u00e3o de Jundia\u00ed, Campinas e todo o nordeste do estado at\u00e9 a <img loading=\"lazy\" decoding=\"async\" class=\"alignright wp-image-6523 size-full\" src=\"http:\/\/www.encontrajundiai.com.br\/guia\/wp-content\/uploads\/2013\/05\/ponte-torta-jundiai.jpg\" alt=\"ponte-torta-jundiai\" width=\"300\" height=\"300\" \/> divisa com Minas Gerais no Rio Grande, iniciou-se pr\u00f3ximo ao Rio Jundia\u00ed com a chegada da Rafael de Oliveira, sua mulher Petronilha Rodrigues Antunes e filhos, em 1615, que deram ao povoado a denomina\u00e7\u00e3o de &#8220;Nossa Senhora do Desterro de Jundia\u00ed&#8221;.<\/p>\n<p>Segundo alguns historiadores, o casal teria se fixado a\u00ed em virtude de ter Rafael de Oliveira cometido &#8220;crime de bandeirismo&#8221;, isto \u00e9, organizado expedi\u00e7\u00e3o de apresamento de \u00edndios, o que era vedado pela coroa portuguesa. Diz, no entanto, o historiador Afonso de Taunay, que Rafael foi perdoado, gra\u00e7as \u00e0 sua participa\u00e7\u00e3o no combate aos flamengos.<\/p>\n<p>O fato \u00e9 que a antiga Freguesia de Nossa Senhora do Desterro prosperou desde o in\u00edcio de sua forma\u00e7\u00e3o em virtude de construir ponto de apoio para as expedi\u00e7\u00f5es que se dirigiam aos sert\u00f5es, que, a\u00ed, se abasteciam de g\u00eaneros produzidos pelos seus habitantes.<\/p>\n<p>A inaugura\u00e7\u00e3o de uma capela dedicada a Nossa Senhora do Desterro, no ano de 1651, marcou o in\u00edcio do reconhecimento da povoa\u00e7\u00e3o de Jundia\u00ed. Quatro anos mais tarde, foi elevada \u00e0 categoria de vila.<\/p>\n<p>Em 1655, Jundia\u00ed marcava o limite norte do povoamento da Capitania de S\u00e3o Vicente. Esse povoamento acusava dois rumos principais: um de Jundia\u00ed para leste, atingindo a zona montanhosa banhada pelo Rio Atibaia e outro de Jundia\u00ed para o norte, alcan\u00e7ando o vale do Rio Mojigua\u00e7u. No primeiro caso, surgiu a funda\u00e7\u00e3o do povoado de Atibaia na Fazenda de S\u00e3o Jo\u00e3o, por Jer\u00f4nimo de Camargo, onde, em 1655, se fixaram os \u00edndios trazidos do sert\u00e3o pelo padre Mateus Nunes de Siqueira, povoado que passou a ser capela-curada em 1680. Cerca de 1676, surgiu a povoa\u00e7\u00e3o de Nazar\u00e9. Depois da descoberta das minas de Goi\u00e1s no s\u00e9culo XVIII, chegou a tra\u00e7ado definitivo o &#8220;Caminho dos Guaiases&#8221;, partindo de Jundia\u00ed, atravessando as povoa\u00e7\u00f5es de Mojimirim e Mojigua\u00e7u, rumando para o noroeste por \u00e1reas que, mais tarde, formariam o sul de Minas Gerais.<\/p>\n<p><img loading=\"lazy\" decoding=\"async\" class=\"alignleft wp-image-6524 size-full\" src=\"http:\/\/www.encontrajundiai.com.br\/guia\/wp-content\/uploads\/2013\/05\/matriz-n-s-desterro.jpg\" alt=\"matriz-n-s-desterro\" width=\"300\" height=\"300\" \/>&#8220;Sua economia passou por uma fase de estagna\u00e7\u00e3o ap\u00f3s 1695, durante o apogeu do ciclo da minera\u00e7\u00e3o, reativando-se contudo depois de 1785, quando a agricultura se fortaleceu com a cana de a\u00e7\u00facar, feij\u00e3o, cereais, algod\u00e3o e caf\u00e9. Outro fator de progresso foi a fruticultura praticada principalmente pelos imigrantes europeus a partir do fim do s\u00e9culo XIX. Ainda nessa \u00e9poca, surgiu a ind\u00fastria da tecelagem com a funda\u00e7\u00e3o em 1874, da Companhia Jundiana de Tecidos, por incentivo do Bar\u00e3o de Jundia\u00ed, Francisco de Queiroz Telles.&#8221; \u00a0A partir de 1890, o munic\u00edpio recebeu uma grande massa de imigrantes italianos.<\/p>\n<p>No dia 28 de mar\u00e7o de 1865, Jundia\u00ed foi elevada \u00e0 condi\u00e7\u00e3o de munic\u00edpio.<\/p>\n<p>&#8220;Foi ainda em fins do s\u00e9culo XIX que inauguraram as Estradas de Ferro (Cia. Paulista- Santos a Jundia\u00ed &#8211; a Ituana e a Bragantina). &#8221; , o que possibilitou a imigra\u00e7\u00e3o de ingleses, espanh\u00f3is e italianos, motivados por incentivos governamentais, que tencionavam substituir a m\u00e3o de obra escrava.<\/p>\n<p>Na primeira metade do s\u00e9culo XX, Jundia\u00ed descobriu a sua voca\u00e7\u00e3o industrial, que perdura at\u00e9 hoje, pois o munic\u00edpio possui um dos maiores parques industriais da Am\u00e9rica Latina, entretanto os n\u00edveis de polui\u00e7\u00e3o no munic\u00edpio se mant\u00e9m em situa\u00e7\u00e3o padr\u00e3o . A ind\u00fastria do lazer nos munic\u00edpios pr\u00f3ximos tamb\u00e9m est\u00e1 incrementando a economia local, com a instala\u00e7\u00e3o de parques tem\u00e1ticos que atraem turistas e geram empregos para os jundiaienses.<\/p>\n<p>Ultimamente, o munic\u00edpio enfrenta alguns problemas caracter\u00edsticos dos centros brasileiros de alta densidade populacional, embora o registro de furto de autom\u00f3veis pela pol\u00edcia militar, por exemplo, teve queda na cidade nos \u00faltimos anos \u00a0.<\/p>\n<p>O anivers\u00e1rio do munic\u00edpio \u00e9 comemorado em 14 de dezembro, data em que foi elevada \u00e0 categoria de vila. Em 2005, foi aprovada uma emenda que decretou feriado municipal na data, comemorado a partir de 2006. Os comerciantes n\u00e3o aprovaram, por se tratar de uma data pr\u00f3xima ao natal e, a partir de 2008, o feriado tornou-se facultativo.<\/p>\n<h3>Subdivis\u00f5es<\/h3>\n<p>A prefeitura elaborou uma divis\u00e3o administrativa oficial para o munic\u00edpio, dividindo-a em sete regi\u00f5es: central, leste, oeste, norte, sul, vetor noroeste e vetor oeste. Cada regi\u00e3o \u00e9 dividida em bairros. Por\u00e9m, a despeito desta divis\u00e3o oficial muitos bairros s\u00e3o chamados por outros nomes, e muitos bairros tem seus nomes populares cedidos a outros bairros pr\u00f3ximos.<\/p>\n<h3>Esportes<\/h3>\n<h4>Futebol<\/h4>\n<p>Em 2009, o Paulista Futebol Clube completou cem anos de hist\u00f3ria no dia 17 de Maio. Dentre os t\u00edtulos do Paulista, est\u00e3o o Campeonato Brasileiro de Futebol de 2001 &#8211; S\u00e9rie C e a Copa do Brasil de Futebol de 2005. O time tamb\u00e9m participou da Copa Libertadores da Am\u00e9rica de 2006, quando venceu o Club Atl\u00e9tico River Plate.<\/p>\n<h4>Ciclismo<\/h4>\n<p>A cidade possui forte tradi\u00e7\u00e3o em ciclismo de estrada. Devido disponibilidade de trilhas na Serra do Japi e arredores existem muitos praticantes de mountain bike. Atualmente existem cerca de 14 grupos de ciclistas na regi\u00e3o, estima-se que estes grupos possuem cerca de 600 ciclistas ativos que praticam seus treinos e passeios diariamente.<\/p>\n<h4>Skate<\/h4>\n<p>A cidade tem ainda uma fort\u00edssima tradi\u00e7\u00e3o no skate, tendo a partir da d\u00e9cada de 1980 pistas como o Mirante (oval), o Sororoca (inicialmente half pipe) e depois street. O esporte vive altos e baixos nos grandes momentos, mas tem um grande n\u00famero de praticantes.<\/p>\n<h3>Cidades-irm\u00e3<\/h3>\n<ul>\n<li>Brasil Santo Andr\u00e9, Brasil<\/li>\n<li>It\u00e1lia P\u00e1dua, It\u00e1lia<\/li>\n<li>Estados Unidos Trenton, Estados Unidos<\/li>\n<li>Brasil Po\u00e7os de Caldas, Brasil<\/li>\n<li>Jap\u00e3o Iwakuni, Jap\u00e3o<\/li>\n<\/ul>\n<p>&nbsp;<\/p>\n<p>Fonte: <a title=\"Guia da Cidade de Jundia\u00ed\" href=\"https:\/\/www.encontrajundiai.com.br\/jundiai\/\" target=\"_blank\" rel=\"noopener noreferrer\">www.encontrajundiai.com.br<\/a><\/p>\n","protected":false},"excerpt":{"rendered":"<p>Jundia\u00ed \u00e9 um munic\u00edpio do estado de S\u00e3o Paulo, no Brasil. Dista 57,7 quil\u00f4metros da capital do estado. Com 405.740 habitantes \u00e9, no estado, o 15\u00b0 munic\u00edpio mais populoso e o s\u00e9timo maior fora da Grande S\u00e3o Paulo. Tamb\u00e9m \u00e9 o 59\u00b0 maior do Brasil, sendo maior que quatro capitais estaduais. Seu nome \u00e9 uma refer\u00eancia ao Rio Jundia\u00ed, cujo nome \u00e9 proveniente da l\u00edngua tupi, significando &#8220;rio dos jundi\u00e1s&#8221;. Apresentou, em 2013, um produto interno bruto de mais de R$ 36,6 bilh\u00f5es, colocando o munic\u00edpio na 18\u00b0 posi\u00e7\u00e3o em todo o pa\u00eds, \u00e0 frente de dez capitais, sendo o <\/p>\n","protected":false},"author":1,"featured_media":0,"parent":0,"menu_order":0,"comment_status":"open","ping_status":"open","template":"tpl_sobre_noticias.php","meta":{"footnotes":""},"class_list":["post-2472","page","type-page","status-publish","hentry"],"yoast_head":"<!-- This site is optimized with the Yoast SEO plugin v27.5 - https:\/\/yoast.com\/product\/yoast-seo-wordpress\/ -->\n<title>Sobre Jundia\u00ed | Guia Comercial de Jundia\u00ed SP<\/title>\n<meta name=\"robots\" content=\"index, follow, max-snippet:-1, max-image-preview:large, max-video-preview:-1\" \/>\n<link rel=\"canonical\" href=\"https:\/\/www.encontrajundiai.com.br\/guia\/sobre-jundiai\/\" \/>\n<meta property=\"og:locale\" content=\"pt_BR\" \/>\n<meta property=\"og:type\" content=\"article\" \/>\n<meta property=\"og:title\" content=\"Sobre Jundia\u00ed | Guia Comercial de Jundia\u00ed SP\" \/>\n<meta property=\"og:description\" content=\"Jundia\u00ed \u00e9 um munic\u00edpio do estado de S\u00e3o Paulo, no Brasil. Dista 57,7 quil\u00f4metros da capital do estado. Com 405.740 habitantes \u00e9, no estado, o 15\u00b0 munic\u00edpio mais populoso e o s\u00e9timo maior fora da Grande S\u00e3o Paulo. Tamb\u00e9m \u00e9 o 59\u00b0 maior do Brasil, sendo maior que quatro capitais estaduais. Seu nome \u00e9 uma refer\u00eancia ao Rio Jundia\u00ed, cujo nome \u00e9 proveniente da l\u00edngua tupi, significando &#8220;rio dos jundi\u00e1s&#8221;. Apresentou, em 2013, um produto interno bruto de mais de R$ 36,6 bilh\u00f5es, colocando o munic\u00edpio na 18\u00b0 posi\u00e7\u00e3o em todo o pa\u00eds, \u00e0 frente de dez capitais, sendo o\" \/>\n<meta property=\"og:url\" content=\"https:\/\/www.encontrajundiai.com.br\/guia\/sobre-jundiai\/\" \/>\n<meta property=\"og:site_name\" content=\"Guia Comercial de Jundia\u00ed SP\" \/>\n<meta property=\"article:modified_time\" content=\"2025-12-03T19:46:56+00:00\" \/>\n<meta property=\"og:image\" content=\"https:\/\/www.encontrajundiai.com.br\/guia\/wp-content\/uploads\/2013\/05\/cidade-de-jundiai.jpg\" \/>\n\t<meta property=\"og:image:width\" content=\"650\" \/>\n\t<meta property=\"og:image:height\" content=\"200\" \/>\n\t<meta property=\"og:image:type\" content=\"image\/jpeg\" \/>\n<meta name=\"twitter:card\" content=\"summary_large_image\" \/>\n<meta name=\"twitter:label1\" content=\"Est. tempo de leitura\" \/>\n\t<meta name=\"twitter:data1\" content=\"9 minutos\" \/>\n<script type=\"application\/ld+json\" class=\"yoast-schema-graph\">{\"@context\":\"https:\\\/\\\/schema.org\",\"@graph\":[{\"@type\":\"WebPage\",\"@id\":\"https:\\\/\\\/www.encontrajundiai.com.br\\\/guia\\\/sobre-jundiai\\\/\",\"url\":\"https:\\\/\\\/www.encontrajundiai.com.br\\\/guia\\\/sobre-jundiai\\\/\",\"name\":\"Sobre Jundia\u00ed | Guia Comercial de Jundia\u00ed SP\",\"isPartOf\":{\"@id\":\"https:\\\/\\\/www.encontrajundiai.com.br\\\/guia\\\/#website\"},\"primaryImageOfPage\":{\"@id\":\"https:\\\/\\\/www.encontrajundiai.com.br\\\/guia\\\/sobre-jundiai\\\/#primaryimage\"},\"image\":{\"@id\":\"https:\\\/\\\/www.encontrajundiai.com.br\\\/guia\\\/sobre-jundiai\\\/#primaryimage\"},\"thumbnailUrl\":\"http:\\\/\\\/www.encontrajundiai.com.br\\\/guia\\\/wp-content\\\/uploads\\\/2013\\\/05\\\/cidade-de-jundiai.jpg\",\"datePublished\":\"2013-05-02T20:30:40+00:00\",\"dateModified\":\"2025-12-03T19:46:56+00:00\",\"inLanguage\":\"pt-BR\",\"potentialAction\":[{\"@type\":\"ReadAction\",\"target\":[\"https:\\\/\\\/www.encontrajundiai.com.br\\\/guia\\\/sobre-jundiai\\\/\"]}]},{\"@type\":\"ImageObject\",\"inLanguage\":\"pt-BR\",\"@id\":\"https:\\\/\\\/www.encontrajundiai.com.br\\\/guia\\\/sobre-jundiai\\\/#primaryimage\",\"url\":\"https:\\\/\\\/www.encontrajundiai.com.br\\\/guia\\\/wp-content\\\/uploads\\\/2013\\\/05\\\/cidade-de-jundiai.jpg\",\"contentUrl\":\"https:\\\/\\\/www.encontrajundiai.com.br\\\/guia\\\/wp-content\\\/uploads\\\/2013\\\/05\\\/cidade-de-jundiai.jpg\",\"width\":650,\"height\":200},{\"@type\":\"WebSite\",\"@id\":\"https:\\\/\\\/www.encontrajundiai.com.br\\\/guia\\\/#website\",\"url\":\"https:\\\/\\\/www.encontrajundiai.com.br\\\/guia\\\/\",\"name\":\"Guia Comercial de Jundia\u00ed SP\",\"description\":\"ENCONTRA JUNDIA\u00cd - O guia comercial de neg\u00f3cios e empresas, cultura e divers\u00e3o na cidade de Jundia\u00ed. Feito 100% para voc\u00ea morador!\",\"potentialAction\":[{\"@type\":\"SearchAction\",\"target\":{\"@type\":\"EntryPoint\",\"urlTemplate\":\"https:\\\/\\\/www.encontrajundiai.com.br\\\/guia\\\/?s={search_term_string}\"},\"query-input\":{\"@type\":\"PropertyValueSpecification\",\"valueRequired\":true,\"valueName\":\"search_term_string\"}}],\"inLanguage\":\"pt-BR\"}]}<\/script>\n<!-- \/ Yoast SEO plugin. -->","yoast_head_json":{"title":"Sobre Jundia\u00ed | Guia Comercial de Jundia\u00ed SP","robots":{"index":"index","follow":"follow","max-snippet":"max-snippet:-1","max-image-preview":"max-image-preview:large","max-video-preview":"max-video-preview:-1"},"canonical":"https:\/\/www.encontrajundiai.com.br\/guia\/sobre-jundiai\/","og_locale":"pt_BR","og_type":"article","og_title":"Sobre Jundia\u00ed | Guia Comercial de Jundia\u00ed SP","og_description":"Jundia\u00ed \u00e9 um munic\u00edpio do estado de S\u00e3o Paulo, no Brasil. Dista 57,7 quil\u00f4metros da capital do estado. Com 405.740 habitantes \u00e9, no estado, o 15\u00b0 munic\u00edpio mais populoso e o s\u00e9timo maior fora da Grande S\u00e3o Paulo. Tamb\u00e9m \u00e9 o 59\u00b0 maior do Brasil, sendo maior que quatro capitais estaduais. Seu nome \u00e9 uma refer\u00eancia ao Rio Jundia\u00ed, cujo nome \u00e9 proveniente da l\u00edngua tupi, significando &#8220;rio dos jundi\u00e1s&#8221;. Apresentou, em 2013, um produto interno bruto de mais de R$ 36,6 bilh\u00f5es, colocando o munic\u00edpio na 18\u00b0 posi\u00e7\u00e3o em todo o pa\u00eds, \u00e0 frente de dez capitais, sendo o","og_url":"https:\/\/www.encontrajundiai.com.br\/guia\/sobre-jundiai\/","og_site_name":"Guia Comercial de Jundia\u00ed SP","article_modified_time":"2025-12-03T19:46:56+00:00","og_image":[{"width":650,"height":200,"url":"https:\/\/www.encontrajundiai.com.br\/guia\/wp-content\/uploads\/2013\/05\/cidade-de-jundiai.jpg","type":"image\/jpeg"}],"twitter_card":"summary_large_image","twitter_misc":{"Est. tempo de leitura":"9 minutos"},"schema":{"@context":"https:\/\/schema.org","@graph":[{"@type":"WebPage","@id":"https:\/\/www.encontrajundiai.com.br\/guia\/sobre-jundiai\/","url":"https:\/\/www.encontrajundiai.com.br\/guia\/sobre-jundiai\/","name":"Sobre Jundia\u00ed | Guia Comercial de Jundia\u00ed SP","isPartOf":{"@id":"https:\/\/www.encontrajundiai.com.br\/guia\/#website"},"primaryImageOfPage":{"@id":"https:\/\/www.encontrajundiai.com.br\/guia\/sobre-jundiai\/#primaryimage"},"image":{"@id":"https:\/\/www.encontrajundiai.com.br\/guia\/sobre-jundiai\/#primaryimage"},"thumbnailUrl":"http:\/\/www.encontrajundiai.com.br\/guia\/wp-content\/uploads\/2013\/05\/cidade-de-jundiai.jpg","datePublished":"2013-05-02T20:30:40+00:00","dateModified":"2025-12-03T19:46:56+00:00","inLanguage":"pt-BR","potentialAction":[{"@type":"ReadAction","target":["https:\/\/www.encontrajundiai.com.br\/guia\/sobre-jundiai\/"]}]},{"@type":"ImageObject","inLanguage":"pt-BR","@id":"https:\/\/www.encontrajundiai.com.br\/guia\/sobre-jundiai\/#primaryimage","url":"https:\/\/www.encontrajundiai.com.br\/guia\/wp-content\/uploads\/2013\/05\/cidade-de-jundiai.jpg","contentUrl":"https:\/\/www.encontrajundiai.com.br\/guia\/wp-content\/uploads\/2013\/05\/cidade-de-jundiai.jpg","width":650,"height":200},{"@type":"WebSite","@id":"https:\/\/www.encontrajundiai.com.br\/guia\/#website","url":"https:\/\/www.encontrajundiai.com.br\/guia\/","name":"Guia Comercial de Jundia\u00ed SP","description":"ENCONTRA JUNDIA\u00cd - O guia comercial de neg\u00f3cios e empresas, cultura e divers\u00e3o na cidade de Jundia\u00ed. Feito 100% para voc\u00ea morador!","potentialAction":[{"@type":"SearchAction","target":{"@type":"EntryPoint","urlTemplate":"https:\/\/www.encontrajundiai.com.br\/guia\/?s={search_term_string}"},"query-input":{"@type":"PropertyValueSpecification","valueRequired":true,"valueName":"search_term_string"}}],"inLanguage":"pt-BR"}]}},"_links":{"self":[{"href":"https:\/\/www.encontrajundiai.com.br\/guia\/wp-json\/wp\/v2\/pages\/2472","targetHints":{"allow":["GET"]}}],"collection":[{"href":"https:\/\/www.encontrajundiai.com.br\/guia\/wp-json\/wp\/v2\/pages"}],"about":[{"href":"https:\/\/www.encontrajundiai.com.br\/guia\/wp-json\/wp\/v2\/types\/page"}],"author":[{"embeddable":true,"href":"https:\/\/www.encontrajundiai.com.br\/guia\/wp-json\/wp\/v2\/users\/1"}],"replies":[{"embeddable":true,"href":"https:\/\/www.encontrajundiai.com.br\/guia\/wp-json\/wp\/v2\/comments?post=2472"}],"version-history":[{"count":0,"href":"https:\/\/www.encontrajundiai.com.br\/guia\/wp-json\/wp\/v2\/pages\/2472\/revisions"}],"wp:attachment":[{"href":"https:\/\/www.encontrajundiai.com.br\/guia\/wp-json\/wp\/v2\/media?parent=2472"}],"curies":[{"name":"wp","href":"https:\/\/api.w.org\/{rel}","templated":true}]}}